29
Let c(t) be the second derivative of t**5/20 + 7*t**4/6 + 13*t**3/2 + 25*t**2 + 112*t. Let i be c(-10). Calculate the highest common divisor of i and 135.
15
Let u(i) = -i**2 - i + 3. Let c be u(0). Suppose -2*p = -577 + 331. What is the highest common divisor of p and c?
3
Suppose 69 = -0*i + i - 5*n, 5*i + 2*n = 345. Suppose -189*p + 201*p - 3036 = 0. Calculate the highest common divisor of i and p.
23
Let k be (-1 + (-2)/(-10))/(211/(-10550)). Let y = 34 - 23. Let a = y - 3. What is the highest common factor of k and a?
8
Suppose 0 = 65*d - 10014 - 1686. What is the highest common factor of d and 780?
60
Let a = 261 + -268. Let x(g) = g**2 - 3*g - 12. Let c be x(a). What is the greatest common factor of c and 174?
58
Let g(x) = -4 + 62 - 86*x + 3. Let m be g(-7). Calculate the highest common divisor of 13 and m.
13
Let f(d) be the first derivative of -d**2 + 20*d - 9. Let q be f(0). Let p be 9/(15/q - 0). What is the highest common divisor of p and 84?
12
Suppose 4*f = -136 + 156. Suppose 4*u = -3*g + 5*g + 174, f*g - 57 = -2*u. Calculate the highest common divisor of u and 164.
41
Let q(x) = -2*x**2 + 5*x - 2. Let r be q(2). Suppose -2*l + 85 + 79 = r. Suppose -4*c + 5*c - 41 = 0. Calculate the highest common factor of l and c.
41
Let v be (0 - -2)/((-12)/(-24)). Suppose -c + v*r - 5 + 59 = 0, 5*c - 2*r - 342 = 0. Suppose -4*x - c = -5*x. What is the greatest common factor of 10 and x?
10
Suppose c = 5*g - 276, 108 = 2*g + 2*c - 0*c. Let q(d) = 11*d**2 + 418*d + 55. Let t be q(-38). What is the greatest common divisor of t and g?
55
Suppose -405*q - 3*d = -409*q + 235, 2*q - d = 121. What is the highest common divisor of q and 3104?
32
Let c = -324 + 394. Let m(p) = p**3 + 8*p**2 + p - 4. Let w be m(-4). Calculate the highest common divisor of w and c.
14
Let v(b) = 2*b**3 + 21*b**2 - 29*b + 29. Let y be v(-12). Let i be (18/30 - 165/25)*y. Calculate the greatest common divisor of 60 and i.
30
Let i(q) = 15*q - 26. Let u be (5 + -11)*(-2 + (-4)/(-6)). Let g be i(u). Calculate the greatest common divisor of g and 329.
47
Let f = -48952 + 49034. Suppose 2*r - 31 = 51. What is the greatest common factor of f and r?
41
Let j = 194 + -179. Let c be 11 - j - ((0 - 447) + 2). Calculate the highest common divisor of c and 49.
49
Let z(p) = -p**3 - p**2 - 15. Let s be z(-3). Suppose -4*w + 269 = q - 22, 2*q = s*w - 210. Calculate the greatest common factor of 40 and w.
8
Let i(c) = -11*c**2 + 6*c + 3. Let b(m) = -3*m**2 + 42*m - 2. Let u be b(14). Let z be i(u). Let h = 68 + z. Calculate the greatest common divisor of 3 and h.
3
Let p be 2/7 + (-754)/(-7). Let l = -441 + 462. Suppose -306 = -l*n - 54. Calculate the highest common factor of n and p.
12
Suppose 0 = -8*p - 0*p - 416. Let g be 8 - 3 - (p + -4 + 9). Suppose 2*n - 36 = -n - q, -4*n + q + 55 = 0. What is the highest common factor of n and g?
13
Suppose 2*v + 2*g = -3*v + 3795, 5*v - 3795 = -5*g. Calculate the highest common divisor of v and 132.
33
Let y(h) = 3*h + 80. Let g be y(9). Suppose -94 = -3*c + 2*c. Let p = g - c. Calculate the highest common factor of p and 13.
13
Let z = 32600 - 32576. Suppose -5 = -r - 5*d + 2, 0 = 2*r + 2*d + 26. Let q = r + 114. What is the greatest common divisor of q and z?
24
Let x be (-10560)/(-230) + (-2)/(-23). Calculate the greatest common divisor of 11776 and x.
46
Suppose -35 = -0*w + 5*w. Let k = w + 9. Suppose -5*t + 55 = f + 4*f, k*t = 3*f - 48. What is the greatest common divisor of 14 and f?
14
Suppose -i + 3*r = i - 120, 4*r = 4*i - 248. Let u(z) = 71*z - 67*z + 46 + 14 - 4. Let v be u(8). Calculate the highest common factor of i and v.
22
Suppose -2*i = -3*t + 455, -70 - 212 = -2*t - 4*i. Let x = t - 99. What is the highest common factor of 175 and x?
25
Let z be 3/36*8 + (-53)/3. Let w(m) = -m**2 - 20*m - 39. Let s be w(z). Let a be ((-6)/7)/(2/(-42)). What is the greatest common divisor of s and a?
6
Suppose -5*v = -3*a + 4*a + 6, 2*a - 4*v = 16. Let n = -30 + 43. Suppose a*f + n*f = 612. Calculate the greatest common divisor of f and 27.
9
Let j be 292/(-3)*9/(-6). Let i be (12/18)/(-1*(-6)/2610). Let w = i - j. Calculate the greatest common factor of w and 16.
16
Let w(r) = 9*r - 123. Let h be w(14). Suppose h*o = 43 + 23. What is the greatest common divisor of 286 and o?
22
Suppose -30 + 8 = -11*w. Suppose -2*r + 0*r = j - 30, -57 = -w*j - r. What is the greatest common factor of j and 154?
14
Suppose -11*v = -5*v - 18. Let l be (-10)/v*(-24)/(-16). Let r(m) = -m**3 + 12*m + 16. Let u be r(l). What is the greatest common divisor of 9 and u?
9
Suppose 2*y + 32 = 4*y. Let j be 113 - -8*(-990)/240. Calculate the greatest common factor of j and y.
16
Let n be 4/(-6) - (-35)/3. Suppose -4*y - 178 = 3*p, -p - 2*y - 35 = 21. Let f be (-2 - -6)/((-8)/p). Calculate the greatest common factor of f and n.
11
Let s = 1678 + -1653. Let b(j) = j**3 + 4*j**2 - 8*j - 5. Let q be b(-5). Let c be (-2 - 1)/((-6)/q). What is the greatest common factor of s and c?
5
Let g(y) = -y - 23. Let s be g(-25). Suppose 3*q - 214 = s*q. Suppose -4*j = 5*h - 227, -5*h - q = -j - 2*j. Calculate the greatest common divisor of j and 7.
7
Suppose 368 + 457 = 3*v. Let f(k) = 103*k - 1932. Let a be f(19). Calculate the greatest common factor of a and v.
25
Let q be 69*(-1 + -1 + 3). Let t be (-10 - -79)/(3 - (-6)/(-3)). What is the greatest common factor of t and q?
69
Suppose -2*c + 4230 - 4070 = 0. What is the highest common divisor of c and 500?
20
Suppose 19*z - 12*z + 21014 = 21*z. Calculate the highest common divisor of z and 711.
79
Let m be (1 + 12)*(3 - -1). Suppose -26 = 3*s - 17. Let q(y) = -13*y**3 - y + 10. Let g be q(s). Calculate the highest common factor of m and g.
52
Let q = 2124 - 620. Calculate the highest common divisor of 8 and q.
8
Let x be ((-30324)/(-28) - ((-3 - -4) + -4))/1. Calculate the highest common factor of x and 6.
6
Let i(j) = -j**3 - 44*j**2 - 187*j - 198. Let m be i(-42). What is the highest common factor of m and 96?
96
Let q be 2/((-7)/36 + (-16)/(-36)). Suppose q*k - 7*k = 40. What is the greatest common divisor of 24 and k?
8
Suppose -h - 4*h + 883 = -3*f, -2*h + 594 = -2*f. Let a = f - -686. Calculate the highest common factor of 77 and a.
77
Let s be (-756)/15*(-980)/686. Suppose -2*i - 324 = -5*i. What is the highest common factor of i and s?
36
Suppose 0 = 37*b - 38*b - 10. Let y be b/(-45) + 1123/18*2. Suppose -370 = -5*v + y. What is the greatest common factor of v and 9?
9
Let p be (-72)/(-324) + 862/9. What is the greatest common factor of p and 9312?
96
Let c be (-3)/2 - (0 - (-3)/(-2)). Suppose 1555 = 5*z - 5*j, z + 4*z + 4*j - 1546 = c. What is the highest common factor of 10 and z?
10
Let c be 1332/252 - (-3 - 230/(-70)). Let g = 44 - 23. What is the highest common divisor of c and g?
1
Let y = 12497 - 12189. What is the highest common factor of y and 2695?
77
Let c(a) = 88*a**2 - 212*a - 2145. Let z be c(-10). Calculate the greatest common divisor of 117 and z.
117
Let n = 11 + -40. Let s = n + 33. Suppose -5*i - 169 = -2*j, 0 = 5*j - i - s*i - 385. What is the highest common divisor of j and 9?
9
Suppose -4*q + t + 0*t = -1675, 0 = 3*q + 4*t - 1280. Let j = q + -406. Calculate the greatest common factor of 70 and j.
14
Let t(b) = -b**3 + b + 77. Let j be t(0). Let u = -131636 - -131647. What is the greatest common factor of j and u?
11
Let w(x) = 61*x + 585. Let u be w(-9). What is the highest common divisor of 232 and u?
4
Let x(b) = 3*b**2 - 10*b - 100. Let t be x(9). What is the greatest common divisor of 2279 and t?
53
Let z(r) = -r**3 + 15*r**2 - 12*r - 46. Let y be z(14). Let d be (-166)/y - (-132)/(-594). What is the greatest common divisor of d and 117?
9
Suppose 4*j = -r + 2, r + 246*j - 17 = 245*j. What is the highest common divisor of r and 1903?
11
Suppose -h - 204 = -4*n, -2*h - 9*n - 382 = -4*n. Let s = h - -202. What is the greatest common factor of s and 12?
6
Let o = -36323 + 36553. Calculate the highest common factor of o and 6394.
46
Let t = -1896 - -1962. What is the greatest common divisor of t and 4686?
66
Let p be ((-2)/(2 + 0))/(11/(-44)). Suppose -181 = -p*o - 173. Calculate the highest common divisor of 2 and o.
2
Suppose 0 = 4*r - 2*r + 4, 3*r = 4*q - 34. Suppose 2*m + 2*p = q + 1, 2*m